-11
Let q be 2/(((-3)/2)/(-3)). Let b(t) = 2*t - 27*t**2 + 3*t + 7*t**2 + 11*t**2 + 6 + 1. Let n(h) = 5*h**2 - 2*h - 3. Let f(p) = q*b(p) + 7*n(p). Give f(7).
0
Let x(h) = -10*h + 3. Let q(c) = 3*c - 1. Let r(m) = -7*q(m) - 2*x(m). Suppose j + 18 = -4*i - 14, -5*i = j + 39. Give r(i).
8
Let m(x) be the second derivative of x**4/12 + 4*x**2 - 8*x + 17. Give m(0).
8
Let j be ((-3)/5 - 0) + (-882)/(-70). Let z(w) = -w + 0*w - j + 8. Suppose 5*f - 12 = 8*f. Determine z(f).
0
Let v(y) = -y**2 - 20*y - 23. Let b be v(-17). Let c(r) = 3 + 17*r - b*r + 15*r. What is c(-3)?
-9
Let g(a) be the third derivative of 0*a + 2/3*a**3 - 57*a**2 + 1/12*a**4 + 3. Suppose -2*z - 20 = 3*z. Give g(z).
-4
Suppose -5*z + 5 = 3*k, 8*k - 3*k + 2*z = 40. Let y(x) = 0*x**3 - 1 + 11*x + x**3 + 0*x**3 - 11*x**2. Give y(k).
9
Let h(q) be the first derivative of -q**4/12 + 2*q**3/3 + 17*q**2/2 + 19*q + 21. Let k(d) be the first derivative of h(d). Give k(7).
-4
Suppose 0 = 5*y + 4*g - 143, -2*y + 62 = 2*g + 2*g. Let t(w) = 74*w**3 - y*w**3 - w - 25*w**3 - 33*w**3. Let h(v) = -v**2 - 3*v - 3. Let z be h(-2). Give t(z).
12
Let i(k) = -k**2 + k - 4. Let u(b) = 10*b + 7. Let l(m) = i(m) - u(m). What is l(-8)?
-3
Let h(a) be the second derivative of a**5/20 + 7*a**4/3 + 29*a**3/6 + 61*a**2/2 + 2*a + 83. Give h(-27).
7
Let i(d) = 9*d**2 - 39 - 25*d**2 + 6*d + 8*d**2 + 9*d**2. Let m be i(4). Let l(p) = -35*p + 5. Let w(s) = 9*s - 1. Let z(u) = 2*l(u) + 9*w(u). Calculate z(m).
12
Let h(q) = q + 11. Suppose -7 = 2*g + 3, 0 = -5*r - 3*g - 60. Give h(r).
2
Let q be 6/(-1)*12/(-9). Let a(p) = 4*p + 9*p + 2*p - 20*p - 14 + 6*p. What is a(q)?
-6
Let i(z) be the second derivative of 7/3*z**3 - 1 - 113*z + 3/2*z**2. What is i(-2)?
-25
Let o = 14 + -2. Let v(l) = 303*l**3 - 302*l**3 + 11*l + 6*l - 3*l - 13*l**2 - 10 - 4*l + 2*l. Give v(o).
-10
Let m(g) = -g**2 + 5*g - 2. Let l(n) = -n**2 - n. Let i(w) = -2*l(w) - m(w). Suppose 25*v - 199 = -149. What is i(v)?
8
Suppose -5*s + 5*i - 81 = -3*s, 5*i + 185 = -5*s. Let u = 74 + s. Let q(y) = -37*y - 1 - u*y + 77*y. Determine q(1).
3
Let a be (5/15 + 0)*30. Let h = 6 + 0. Let c(k) = a*k - k + k - h*k. Calculate c(-1).
-4
Let r(t) = -t**2 - 3*t - 1. Suppose 5*h = 15, -h + 48 = 5*k - 0*k. Suppose 2*x - k = -15. Determine r(x).
-1
Let z(v) = -2*v + 55. Let j(n) = 26*n**2 + 51*n - 53. Let a be j(1). Calculate z(a).
7
Let r(i) = -i**2 - 4*i + 1. Let u(o) = o**2 - 25*o - 14. Let x be u(26). Let l be x/15*20/(-8). Determine r(l).
5
Let t be 0*-1*(-5)/(-5). Suppose 7 = -f - t*f + 2*h, -h = -2*f - 8. Let j(s) = -11*s + 1. Give j(f).
34
Let u be 550/(-100) + (-31)/(-2). Let k(w) = -w**3 + 11*w**2 - 12*w + 46. Give k(u).
26
Let b(h) = 2*h + 2 + 1 - 9*h. Let j(c) = 25*c - 74. Let a be j(4). Suppose 58 + 20 = a*t. Determine b(t).
-18
Let i(k) = 18*k + 2*k**2 - 324 + 368 - k**2. What is i(-14)?
-12
Let w(p) = -p**2 - 32 - 1273*p - 1268*p + 2556*p. Give w(15).
-32
Let m(j) = j**2 + 16*j - 37. Let x be m(-19). Suppose -3*w + 26 = x. Let y(o) = 4 + 1 + 1 + w*o. Calculate y(-6).
-6
Let o(k) = -k**2 - 2. Let q be -4*(3 - 4) + 464. Let s = -466 + q. Determine o(s).
-6
Let f(p) be the third derivative of 0*p**4 + 1/60*p**5 - 51*p**2 + 0*p + 0 - 1/6*p**3. What is f(-1)?
0
Let d(n) be the second derivative of -n**3/3 - 13*n**2/2 - 1110*n. Calculate d(0).
-13
Let q(s) = -s**3 - 4*s**2 - 3*s + 2. Suppose 11*m + 429 = -36*m - 96*m. What is q(m)?
2
Let v(s) = 2*s. Suppose 3*t + 2*t - w - 270 = 0, -15 = -3*w. Let y = -54 + t. Suppose 2*c = 5 - y. Determine v(c).
4
Let z(p) = -7*p**3 + 29*p**2 + 4*p + 7. Let v(f) = 6*f**3 - 23*f**2 - 4*f - 6. Let s(m) = 6*v(m) + 5*z(m). What is s(-8)?
-33
Let l = 3 + -5. Suppose 8 = -3*i + 7*i. Let p(h) = 0 - 3*h**2 + 7 - i*h**3 - 1 - 4. Determine p(l).
6
Let n(u) = 9*u**2 + 2*u - 5. Let c(g) = -11*g**2 - 2*g + 7. Let i(z) = 4*c(z) + 5*n(z). Determine i(0).
3
Let t(p) = p**2 - 4*p + 5. Let k(v) = 4*v + 42. Let n be k(-18). Let d = 33 + n. Let h be d - 1/(-1*(2 - 1)). Give t(h).
5
Let l(d) = d**3 + 28*d**2 + 4*d + 30. Let w be l(-28). Let h = 78 + w. Let i(s) = -s**3 - 3*s**2 + 5. Determine i(h).
21
Suppose k + 4 = 3*k. Let t(j) = j + 0*j**2 + j**k - 9 + 5*j. Suppose -585155*y - 616 = -585078*y. Give t(y).
7
Let f(q) = q - 17*q**2 - 11*q**2 - 39 + 39*q**2 + 38 - 10*q**2. Let p = 2 - 1. What is f(p)?
1
Let u(f) be the third derivative of f**3 + 0 + 1/24*f**4 + 0*f - 146*f**2. Determine u(-15).
-9
Let i(z) = 271*z + 1. Let d(l) = 44*l. Let c(b) = -6*d(b) + i(b). Determine c(17).
120
Let a be 9 + (-23 - (1 - 2)). Let p(g) = -4*g - 44. Determine p(a).
8
Let y be (-56)/(-6) - (-15)/((-405)/36). Let k(u) = -2*u - u**3 - 4*u - 2*u + 5 - y - 10*u**2. Calculate k(-9).
-12
Let s(c) = -6. Let f(w) = -13*w + 135. Let x(k) = -f(k) + 2*s(k). Calculate x(11).
-4
Let v(u) = -21 + 65 - 29 + 4*u - 18 - 2*u. Let r be 2/(-2) + -1 + -7. Let i be 1/(-3) - 57/r. Calculate v(i).
9
Let d(j) = -j**3 - 7*j**2 + 2*j. Let u be (80/6)/((-56)/(-84)). Let b be (7 - 175/u)*4. What is d(b)?
-14
Let d = 200 - 193. Suppose -4*n - 5*x - 8 = -d*n, 4*n - 4 = 5*x. Let f(h) = -3*h - 5. What is f(n)?
7
Suppose 3*a + 0*a = 6. Let y(o) = -14 + 31 - 9 - 7 - a*o. Determine y(-4).
9
Let b be 1/((-3 - 2)/(-35)). Let f(d) = -5*d + 0 + 2 - 4*d - b*d**2 - d**3 + 4*d. Let u = -10 + 4. Determine f(u).
-4
Let r(f) = 3*f**2 + 0 - f**3 + f**2 - 1 + 4. Let u be r(4). Let o(b) = 3*b + 4. Calculate o(u).
13
Let j(r) = -r**3 + 23*r**2 - 20*r - 50. Suppose 0 = -5*d + 5*b + 75, -3*d - 2*b + 103 - 23 = 0. Give j(d).
-6
Suppose -314*f - 704 + 3844 = 0. Let p(q) = -12*q + 127. Calculate p(f).
7
Suppose -3*l - 3 = -3*c, 6*l - 15 = 11*l + 5*c. Let v(k) = 47*k - 1. Calculate v(l).
-95
Let g(a) = 4*a**2 - 4*a - 10. Let m(n) = 2*n**3 + 41*n**2 + 54*n - 61. Let o be m(-19). Give g(o).
70
Let u(o) be the second derivative of -o**4/12 - 5*o**3/3 - 9*o**2 + 3*o - 232. Determine u(-4).
6
Let n(a) = -10*a - 50. Let i(w) = 28*w + 150. Let t(k) = 2*k**2 + 25*k + 58. Let s be t(-5). Let z(j) = s*n(j) - 6*i(j). Give z(21).
-8
Let s(z) = -z**3 - 4*z**2 + 5*z + 7. Let i be (482/(-9))/2 + (-4)/18. Let p(y) = -y**3 - 29*y**2 - 53*y + 22. Let x be p(i). What is s(x)?
7
Let j(s) = -s + 2. Suppose 0 = -0*q + 4*q - 16. Let f(d) = -d + 0*d + 13 + 0*d - 11. Let v(c) = q*f(c) - 5*j(c). Give v(2).
0
Let g(f) = f**2 + 4*f + 153. Let l(i) = 2*i + 52. Let m(p) = 3*g(p) - 8*l(p). Let y(v) be the first derivative of m(v). Calculate y(-5).
-34
Let g = 15 - 12. Let j be ((-7)/(-35))/(1/10). Let a(t) = -25*t**g - 2 - 2*t - 2*t**j + 27*t**3 + 4 - 1. Calculate a(2).
5
Let l(r) be the third derivative of -1/12*r**4 + 0 + 0*r - 94*r**2 - 1/2*r**3. Calculate l(7).
-17
Let j(r) be the second derivative of -r**5/20 + r**3/6 + 24*r**2 + 812*r. Calculate j(0).
48
Let k(p) be the first derivative of 6*p**3 + p**2/2 + p - 617. Let c be ((-4)/(-2))/(8/(-4)). What is k(c)?
18
Let i(s) = -s**2 - 39*s + 48. Let n(o) = -o**2 - 61*o + 73. Let r(x) = -8*i(x) + 5*n(x). What is r(2)?
7
Let h(k) = -6*k - 8. Let q(a) = -16*a - 23. Let r(d) = 17*h(d) - 6*q(d). Suppose 3*s - 4*c + 10 = 36, -3*c - 25 = -5*s. Determine r(s).
-10
Suppose -3*u - 3*w = 0, 4*u + 5*w + 3 = 1. Let z(y) = 2 - u*y + 0*y - 2*y + 2*y. Give z(3).
-4
Let f(u) = u**3 - 16*u**2 + 32*u - 115. Let j be f(14). Let t = j + 59. Let z(x) = -x**3 - x**2 - x - 5. Determine z(t).
-5
Let x(s) = 2*s**3 + s. Let v be x(1). Suppose -5*j + 3*j = -5*j. Suppose -10 = p + v*u, 5*u + 17 + 8 = j. Let q(d) = d**3 - 5*d**2 + d + 6. Give q(p).
11
Let b = -537 + 526. Let u(x) be the first derivative of -x**3/3 - 13*x**2/2 - 16*x + 15. What is u(b)?
6
Let q = -42 + 44. Let b(m) = -3 + 81*m - 78*m - q. Let x be b(3). Let r(a) = a**2 - 7*a. Calculate r(x).
-12
Let s(l) = -2*l**3 - 14*l**2 - 15*l + 1. Suppose y - 4 = -116*p + 117*p, 4*y = -3*p - 26. Calculate s(p).
19
Let m = 18392 - 18357. Let t(n) = n**2 - 39*n + 156. Determine t(m).
16
Suppose -12*p + 10*p + 20 = 0. Let g(l) = -8 + 110*l**2 + l**3 + p*l - l**3 - l**3 - 217*l**2 + 112*l**2. Calculate g(6).
16
Let t(r) = -2*r - 17. Let d = -561 + 560. Let m(f) = -4. Let z(c) = d*t(c) + 5*m(c). Determine z(3).
3
Let z(f) = -60896*f**2 - 11 - 60896*f**2 - f**3 - 10*f + 121802*f**2. Calculate z(9).
-20
Let d(p) be the third derivative of -p**6/360 + p**4/24 + p**3/2 + 3*